. Let w be z(-5). Suppose 2*n - w*a - 49 = 73, 3*n - a - 168 = 0. Is n a prime number?
False
Suppose 4*n + 60027 = 5*i, 0*n = 3*i + 4*n - 36029. Is i composite?
False
Let q(o) = 4*o**3 - o**2 + 2*o - 3*o**3 + 2997 - 737 + 3446. Let r be q(0). Is (-16)/28 - r/(-14) prime?
False
Let n(i) = 5*i + 6. Let m(o) = 4*o + 7. Let r(s) = 4*m(s) - 3*n(s). Let c be r(-10). Suppose 3*u - 259 = 4*p, 3*u - p + 5*p - 275 = c. Is u a composite number?
False
Let i(a) be the first derivative of 140*a**3/3 - 2*a**2 + 11*a + 45. Is i(3) prime?
True
Let q(u) = 348*u**2 - 15*u + 55. Is q(7) prime?
False
Let z be (2 - (4 - -117)) + -3. Let d = z - -415. Is d a composite number?
False
Suppose 3*j + d - 151 = j, -2*j + 147 = 5*d. Is 108/(-24)*2/(-3) + j composite?
False
Let m be ((-262)/(-3))/((-29)/(-174)). Suppose -2*w - 2*i = -m, -w - i = 2*i - 252. Is w a prime number?
False
Suppose 0*n = 4*n + f - 4309, 1081 = n + f. Suppose -169 + n = t. Is t composite?
False
Let n(g) be the first derivative of -2*g**3/3 - 523*g + 10. Let u be n(0). Is -2 - u*(-5)/(-5) a composite number?
False
Suppose -1508 = -16*n + 14156. Is n composite?
True
Suppose 0*r - r = 1037. Let j = r + 738. Let b = -144 - j. Is b composite?
True
Suppose -x + 1319 - 145 = 0. Suppose 4*l = x + 1054. Is l prime?
True
Let o = -468 - -298. Let i(d) = -2*d**3 + 3*d**2 + 2*d + 1. Let j be i(6). Let n = o - j. Is n prime?
False
Is 56301 + (-3)/(-9)*-6 prime?
True
Suppose 56*t + 275260 = 60*t. Is t composite?
True
Suppose m = -3*m, 4*m = -2*t. Let d(r) = -r - 3. Let z be d(-5). Suppose 0*y + z*y - 74 = t. Is y prime?
True
Let h = -4516 - -14873. Is h prime?
True
Let d = -280 - -4569. Is d a prime number?
True
Let z(n) = n**3 - 16*n**2 + 9*n. Let j be z(16). Suppose 0 = -5*c + 46 + j. Is c a composite number?
True
Let r = -57987 + 102802. Is r prime?
False
Suppose -3 = -8*m + 11*m. Is 1644/4 - 3 - m prime?
True
Suppose -70*p + 65*p - x = -9411, 0 = -3*x - 12. Is p a composite number?
True
Suppose 3*r + 15 = -3*y - 3, 5*y - 5 = 0. Let j(x) = -4*x**3 - 10*x**2 + 11*x + 4. Is j(r) prime?
True
Suppose 3*o - 1074 = -3*x + 6*o, -5*x - 5*o + 1820 = 0. Is x composite?
True
Suppose -17*g - 11*g = -845908. Is g prime?
True
Suppose 24*d - 25*d + 2*a = -2365, 3*d = -3*a + 7077. Is d prime?
False
Let t(a) = -2*a**3 + 10*a**2 - 6*a - 2. Let p be (-5)/((-20)/12) - -2. Let u be t(p). Is (-8)/u + 2070/8 a prime number?
False
Suppose c + 5*k - 5715 = 9756, -3*k + 15479 = c. Is c a composite number?
True
Suppose -4*c - 269 = -1685. Suppose -9*q + c = -6*q. Is q a prime number?
False
Suppose 9*l - 52 = 5*l. Suppose -11*p + l*p = 586. Is p a composite number?
False
Let i(v) = 6*v**3 + 20*v**3 - 8*v - 6*v**2 + 13 - 16*v**3. Is i(8) a prime number?
False
Let t be (-60 + 1)/(1/2). Let v = t - -2747. Is v composite?
True
Let w(p) = p + 3. Let z be w(-1). Suppose d = -z*d. Suppose -c + 15 = 5*x - d*x, 49 = 5*c - x. Is c a prime number?
False
Let c = -3 - 0. Let h(r) = -5*r - 7. Let s be h(c). Suppose m - s = 47. Is m a prime number?
False
Let x = 1511 + -878. Is x a prime number?
False
Let g be 26/(-22) + 2/11. Suppose -4*t + 102 = -2*h, 0 = -5*h - 2*t - 183 - 48. Is (h - g)*(-3)/6 a prime number?
True
Let q(f) = -f**2 - 10*f - 1. Let x be q(-6). Is 27/(-9) + x + -1 prime?
True
Let y(i) = i**2 - 4*i - 3. Let a be y(2). Let z = -6 - a. Is (z + -5)*2532/(-48) composite?
False
Let h be 3/(-21) - 820/(-7). Suppose -3*j = -2*j + h. Let y = j - -296. Is y a prime number?
True
Suppose 3*z + 9801 = -5*t - 12153, -t - 2*z - 4388 = 0. Let a = t - -6725. Is a a composite number?
False
Let l(v) be the second derivative of 4*v**3 - 5*v**2/2 - 13*v. Suppose 2*s - 4*s + 18 = 0. Is l(s) a composite number?
False
Let l(b) = 6*b**3 + 7*b**2 + 20*b - 37. Is l(12) composite?
False
Let q(p) be the first derivative of p**3/3 - 3*p**2 + 7*p - 7. Let b be q(6). Suppose -b*h = -3*h - 340. Is h composite?
True
Suppose 12*f + 950 = 17*f. Suppose 0 = -b - f + 1133. Is b composite?
True
Let q be 3*(-2 - (-4)/3) - -148. Let r = 0 + 4. Is q + 2*r/(-8) a composite number?
True
Let v = 19458 - 10967. Is v prime?
False
Let r be (-12)/(-30) - ((-5484)/(-15))/4. Let b = -60 - r. Is b composite?
False
Suppose 0 = -5*b + 5*u - 5340, -5*b + 3*b = 4*u + 2124. Let i = 2059 + b. Is i a prime number?
False
Let s = -1226 - -3559. Is s composite?
False
Suppose 0 = -5*q + l + 95, 2*q - 55 = 2*l - 17. Is q prime?
True
Is 84/(-98)*-7 - -78421 prime?
True
Suppose x = -3*h + 2845, -7*h = -3*h + 2*x - 3792. Is h prime?
False
Is (-5870)/(-3 - (4 - 5)) prime?
False
Suppose -z - 5 + 0 = 2*n, 3*z = 5*n - 4. Let p(q) = -745*q. Is p(n) composite?
True
Let v = -26965 - -38952. Is v a prime number?
True
Let a = -34 + 50. Suppose 3*h - 4*i = 2 - 6, a = 5*h - i. Suppose h*u - 887 = o, -u + 2*o = o - 218. Is u a prime number?
True
Suppose 3*d = 5*d. Let g(w) be the first derivative of -w**2/2 + 85*w + 8. Is g(d) a prime number?
False
Let k = 16 - 14. Suppose -p = -0*p - k. Suppose -o + 317 = -2*s, -p*o = 2*o - s - 1247. Is o a prime number?
True
Suppose 1519 + 1243 = 2*r. Is r prime?
True
Suppose -c - q + 553 = 0, -6*c + q + 2232 = -2*c. Is c composite?
False
Is (-125848)/(-4) - (-4 + (-12)/4) composite?
False
Let n(q) = -5*q**2 + 24*q - 7. Let o be n(4). Let b(k) = -5*k + k**3 + k**2 + 0 - 7 - 7*k**2. Is b(o) prime?
True
Suppose -5*x = -x - 2*o - 19006, 5*o + 4756 = x. Is x prime?
True
Let s be ((-1496)/51)/(2/48). Let d = 1337 + s. Is d composite?
True
Suppose 0 = 5*v + a - 195, 38 = -v + 3*a + 93. Let r = 220 - v. Let p = r + 37. Is p composite?
True
Suppose i = -57 - 259. Let v = i - -995. Is v a prime number?
False
Let i(b) = 6*b + 9*b - 20 + 21*b**2 + b. Is i(13) prime?
False
Suppose -5*n + k + 22 + 157 = 0, 85 = 3*n + 5*k. Is n + ((-6)/(-8) - 27/(-12)) composite?
True
Let j = -342 - -352. Let h = -8 - -15. Suppose -h*d - 201 = -j*d. Is d composite?
False
Let z(d) = -55*d**3 + d**2 + 3*d - 13. Is z(-4) a composite number?
False
Suppose -3*u - 3*v + 27 = 0, 4*v = -0*u + 3*u + 1. Suppose 0 = -3*r - 2*c + 188, 0 = -0*r - r + u*c + 40. Suppose -5*a + 205 + r = 0. Is a a composite number?
False
Let w(a) = -a + 4. Let h be w(6). Let j be 4*(-1)/h - -5. Suppose j*y + 31 = 8*y. Is y a composite number?
False
Let p(q) = -8*q**2 + 8*q + 10. Let z(i) = 5*i**2 - 5*i - 7. Let s(k) = -5*p(k) - 7*z(k). Is s(-3) composite?
False
Suppose -5*k + 2*h + 10 = -3*h, -k + 5 = 2*h. Suppose -p = -3*p + 2*z - 144, -3*p = -z + 220. Is p*-1*k/6 a composite number?
False
Suppose v + 3*x = -3*v + 2167, 3*v + 3*x = 1626. Is v a prime number?
True
Let u(i) = -441*i**3 - i**2 - 7*i - 9. Let o be u(-3). Suppose o = 4*p + 2*p. Is p a composite number?
True
Let g(q) = 697*q**2 - 76*q + 9. Is g(8) prime?
False
Suppose -3*i = 4*m - 1071, -5*m - 5*i = 248 - 1588. Let v = m - 136. Is v a composite number?
False
Suppose 2*s = l + 2*l + 10, -5*s + 25 = 2*l. Suppose d + 2*g - 11 - 11 = 0, s*d = -5*g + 135. Let i = d + -17. Is i a composite number?
True
Let k = -38 + -81. Let t = k + 349. Let u = t + -156. Is u a composite number?
True
Let k be 2 + 5/(15/9). Suppose k*x - 70 = -a, -5*x + 5 = -10. Let p = a + 4. Is p a composite number?
False
Suppose -14*m + 11*m + 3*z + 129138 = 0, 5*z + 172181 = 4*m. Is m a composite number?
False
Suppose -b + 4*u - 6 = u, 2*b + 2*u - 4 = 0. Let v be 3 + -3 + b + 1. Let d = 10 + v. Is d a prime number?
True
Let w = 137 + -11. Suppose -p + 3*p + w = 0. Let a = p - -254. Is a prime?
True
Suppose -68*v = -67*v - 469. Is v a prime number?
False
Suppose -13*b + 16*b - 26526 = 0. Is b prime?
False
Let l = 53405 + -31542. Is l a prime number?
True
Let k be (-2 + 11)/((-3)/(-15)). Let r = k - 8. Is r a composite number?
False
Suppose 4*j + 3332 = 2*u + 9140, -6 = -3*u. Suppose -j - 903 = -4*n. Suppose -n = -2*m - 5*p, 0 = m - 0*m - 5*p - 332. Is m a composite number?
False
Is 217776/9 + (-1)/3 a composite number?
False
Let x = 41 - 39. Suppose p - 2*h = 2027, -x*h = -5*p + h + 10163. Suppose -2*v - p = -3*f, -3*f + 0*v = -3*v - 2037. Is f a prime number?
True
Let p(c) = 8*c - 9. Let f(s) = s**3 - 6*s**2 + 8*s - 7. Let n be f(5). Let q(l) = 2*l - 8. Let m be q(n). Is p(m) composite?
True
Suppose -90*q + 6*q = -7872396. Is q a prime number?
True
Let i(t) = 358*t**3 + 7*t**2 + t + 1. Let s(w) = -1073*w**3 -